{"id":413,"date":"2020-02-23T10:42:22","date_gmt":"2020-02-23T09:42:22","guid":{"rendered":"http:\/\/redstoneduke.fr\/?page_id=413"},"modified":"2020-03-02T18:59:38","modified_gmt":"2020-03-02T17:59:38","slug":"nemesis","status":"publish","type":"page","link":"https:\/\/redstoneduke.fr\/index.php\/nemesis\/","title":{"rendered":"RSD 6 \/ N\u00e9m\u00e9sis"},"content":{"rendered":"<p style=\"text-align: center;\"><span style=\"font-size: 18pt;\">D. F. Von THORFELD<\/span><\/p>\n<p>&nbsp;<\/p>\n<p style=\"text-align: center;\"><span style=\"font-size: 36pt;\"><strong>REDSTONE DUKE<\/strong><\/span><\/p>\n<p>&nbsp;<\/p>\n<p style=\"text-align: center;\"><span style=\"font-size: 18pt;\"><strong>N\u00e9m\u00e9sis<\/strong><\/span><\/p>\n<p>&nbsp;<\/p>\n<p>L&rsquo;histoire racont\u00e9 dans ce sixi\u00e8me tome&#8230; Hum&#8230; Redstone Duke, bien s\u00fbr ! Pour le reste, je n&rsquo;en dirais pas plus.<\/p>\n","protected":false},"excerpt":{"rendered":"<p>D. F. Von THORFELD &nbsp; REDSTONE DUKE &nbsp; N\u00e9m\u00e9sis &nbsp; L&rsquo;histoire racont\u00e9 dans ce sixi\u00e8me tome&#8230; Hum&#8230; Redstone Duke, bien s\u00fbr ! Pour le reste, je n&rsquo;en dirais pas plus.<\/p>\n","protected":false},"author":2,"featured_media":0,"parent":0,"menu_order":0,"comment_status":"closed","ping_status":"closed","template":"","meta":[],"_links":{"self":[{"href":"https:\/\/redstoneduke.fr\/index.php\/wp-json\/wp\/v2\/pages\/413"}],"collection":[{"href":"https:\/\/redstoneduke.fr\/index.php\/wp-json\/wp\/v2\/pages"}],"about":[{"href":"https:\/\/redstoneduke.fr\/index.php\/wp-json\/wp\/v2\/types\/page"}],"author":[{"embeddable":true,"href":"https:\/\/redstoneduke.fr\/index.php\/wp-json\/wp\/v2\/users\/2"}],"replies":[{"embeddable":true,"href":"https:\/\/redstoneduke.fr\/index.php\/wp-json\/wp\/v2\/comments?post=413"}],"version-history":[{"count":5,"href":"https:\/\/redstoneduke.fr\/index.php\/wp-json\/wp\/v2\/pages\/413\/revisions"}],"predecessor-version":[{"id":546,"href":"https:\/\/redstoneduke.fr\/index.php\/wp-json\/wp\/v2\/pages\/413\/revisions\/546"}],"wp:attachment":[{"href":"https:\/\/redstoneduke.fr\/index.php\/wp-json\/wp\/v2\/media?parent=413"}],"curies":[{"name":"wp","href":"https:\/\/api.w.org\/{rel}","templated":true}]}}